198. Calculate b(11).
-7
Let r(h) = -h**3 - 158*h**2 - 4997*h + 735. Determine r(-114).
-1431
Let d(q) = q**2 - 2797*q - 679956. What is d(-225)?
-6
Let t(s) = -4*s**3 + 20*s**2 + 2*s + 167. What is t(0)?
167
Let i(f) = 807*f - 18593. What is i(23)?
-32
Let i(r) = -33137*r + 99245. Determine i(3).
-166
Let s(q) = -29*q**2 + 4142*q + 391. What is s(143)?
-324
Let b(a) = 3*a**3 - 13*a**2 + 196*a - 1772. Calculate b(9).
1126
Let g(o) = o**3 - 123*o**2 + 217*o - 607. Give g(121).
-3632
Let s(u) = 2*u**2 - 669*u + 22744. Determine s(296).
-48
Let i(l) = -2024*l + 70706. Give i(35).
-134
Let n(d) = -1646*d**2 - 294633*d + 183. Calculate n(-179).
4
Let q(b) = 481*b - 35558. What is q(74)?
36
Let p(g) = 26258*g + 315333. Calculate p(-12).
237
Let d(h) = -2126*h**2 - 31889*h + 17. Determine d(-15).
2
Let q(d) = -2*d**3 - 54*d**2 - 291*d + 18. What is q(-8)?
-86
Let r(d) = 24*d**3 - 523*d**2 - 107*d - 60. Calculate r(22).
6
Let q(x) = x**3 - 1634*x**2 + 14545*x + 688. Give q(9).
-32
Let c(l) = l**3 - 8*l**2 + 32*l - 193. Calculate c(9).
176
Let h(o) = 32854*o - 131486. Determine h(4).
-70
Let f(l) = l**3 + 44*l**2 - 417*l + 598. Determine f(-52).
650
Let f(p) = -60*p**2 + 2138*p + 105. Calculate f(36).
-687
Let h(m) = 8*m**3 - 702*m**2 - 1398*m + 8. Calculate h(-2).
-68
Let w(f) = -7313*f + 1908700. Give w(261).
7
Let l(a) = -3*a**3 + 34*a**2 - 550*a + 9274. Calculate l(14).
6
Let v(i) = 69*i**3 - 55*i**2 + 164*i - 8. Give v(3).
1852
Let x(d) = d**2 + 30582*d - 367135. What is x(12)?
-7
Let b(f) = 6*f**3 + 22*f**2 + 40*f - 16. Calculate b(-3).
-100
Let q(n) = -10005*n + 119930. Calculate q(12).
-130
Let o(z) = 1011315*z + 2022622. Give o(-2).
-8
Let o(b) = 59655*b - 59818. What is o(1)?
-163
Let o(x) = 298*x - 1837. Calculate o(7).
249
Let p(g) = -g**2 + 89*g + 63910. Determine p(-212).
98
Let i(b) = 5292*b - 74038. Give i(14).
50
Let z(v) = 23*v**2 - 3172*v - 9934. Determine z(141).
77
Let f(z) = -z**3 + 76*z**2 + 246*z - 702. What is f(79)?
9
Let i(r) = 16*r**2 - 176*r - 1299. Determine i(16).
-19
Let l(c) = c**3 + 62*c**2 - 40*c + 141. Determine l(-63).
-1308
Let k(z) = 24*z**3 - 160*z**2 + 73*z + 43. Give k(6).
-95
Let d(g) = 904*g + 13897. What is d(-16)?
-567
Let z(p) = 1784*p + 57109. What is z(-32)?
21
Let r(z) = -524*z**2 - 1891*z + 45. Give r(-5).
-3600
Let s(a) = 7*a**2 - 333*a - 2681. Calculate s(-7).
-7
Let f(x) = 6*x**3 - 6*x**2 - 167*x + 1048. Calculate f(7).
1643
Let q(d) = 122*d**3 + 26*d**2 - 23*d - 3. Give q(1).
122
Let p(b) = b**3 - 42*b**2 - 94*b + 314. Determine p(44).
50
Let g(i) = -642*i - 205449. Give g(-320).
-9
Let i(b) = -5*b**2 + 201*b + 219. Give i(48).
-1653
Let r(g) = 12*g**2 + 37*g + 2482. What is r(0)?
2482
Let z(t) = t**2 - 5447*t - 142285. What is z(-26)?
13
Let y(n) = n**2 + 1038*n + 148066. Determine y(-171).
-191
Let d(k) = k**3 - 17*k**2 - 24*k - 5. Determine d(16).
-645
Let a(c) = -17725*c + 903991. What is a(51)?
16
Let v(o) = 5078*o - 7022876. Calculate v(1383).
-2
Let v(y) = 35*y**2 - 805*y - 152. What is v(23)?
-152
Let k(c) = c**3 + 87*c**2 + 328*c - 165. Give k(-83).
167
Let p(q) = -750*q - 36654. Determine p(-49).
96
Let q(h) = -74*h**2 + 25339*h - 521643. Determine q(22).
-1
Let d(y) = -6444*y + 77317. Determine d(12).
-11
Let q(l) = -385291*l + 22346874. What is q(58)?
-4
Let i(r) = -r**3 + 236*r**2 + 300*r - 14944. What is i(237)?
-13
Let z(b) = -12304*b + 36829. Give z(3).
-83
Let d(k) = -18837*k - 56132. Give d(-3).
379
Let t(l) = -39*l**2 + 201*l - 38. Calculate t(5).
-8
Let u(r) = -r**3 - 79*r**2 + 1595*r + 659. Give u(17).
30
Let n(q) = q**3 - 48*q**2 - 23*q + 1630. Give n(48).
526
Let z(w) = w**2 + 80099*w + 1761764. Determine z(-22).
70
Let q(p) = 1456*p + 77959. What is q(-55)?
-2121
Let i(y) = 1280*y + 5163. Determine i(-4).
43
Let l(g) = 1496*g + 31582. What is l(-21)?
166
Let q(h) = -17568*h - 70261. What is q(-4)?
11
Let k(p) = 2*p**2 + 4687*p - 352951. What is k(73)?
-142
Let p(k) = -42626*k + 37681372. What is p(884)?
-12
Let g(b) = 3*b**2 + 15643*b + 46909. Calculate g(-3).
7
Let v(x) = -11*x**3 - 122*x**2 + 11*x + 129. Calculate v(-12).
1437
Let x(m) = 1786*m + 47368. What is x(-27)?
-854
Let v(g) = 1529*g - 319645. Determine v(209).
-84
Let s(a) = 5737*a - 866280. What is s(151)?
7
Let i(g) = 188*g**2 + 41*g + 39. Calculate i(-2).
709
Let c(j) = -2*j**3 - 96*j**2 + 519*j + 15918. Give c(-50).
-32
Let d(a) = -20*a**3 - 34*a**2 - 52*a + 10. Calculate d(-2).
138
Let m(y) = -y**2 - 397*y - 37206. Give m(-245).
34
Let o(d) = -d**3 - 423*d**2 + 2135*d + 18. What is o(5)?
-7
Let g(t) = -1729*t - 454747. Give g(-263).
-20
Let d(w) = 3*w**2 + 2104*w - 22622. Determine d(11).
885
Let w(r) = -1632*r + 13071. Calculate w(8).
15
Let i(o) = -5496*o + 22375. What is i(4)?
391
Let f(j) = 38701*j - 1354539. Give f(35).
-4
Let p(j) = -j**3 + 46*j**2 + 724*j + 2569. Calculate p(59).
32
Let w(d) = 49*d - 12307. Calculate w(298).
2295
Let h(y) = -756*y - 487615. Determine h(-645).
5
Let u(j) = j**2 + 1320*j + 11749. Calculate u(-9).
-50
Let p(m) = 18*m**3 + 13*m**2 - 8*m - 53. Determine p(2).
127
Let b(c) = -22*c**2 - 255*c + 2439. Calculate b(6).
117
Let t(w) = w**3 - 20*w**2 + 138*w - 1507. Determine t(23).
3254
Let j(r) = -27*r**2 + 3161*r - 52416. Calculate j(20).
4
Let q(k) = 3340*k**2 + 94*k - 93. Calculate q(1).
3341
Let a(o) = -7292*o - 7335764. Calculate a(-1006).
-12
Let z(f) = f**2 + 11103*f - 177918. Give z(16).
-14
Let h(c) = 162*c**3 + 2*c**2 - 11*c - 5. What is h(-1)?
-154
Let o(i) = -7896*i + 21. Determine o(0).
21
Let a(d) = -5673*d + 5532. Determine a(1).
-141
Let x(m) = 51064*m + 408481. Calculate x(-8).
-31
Let s(p) = p**2 + 12493*p - 237870. Determine s(19).
-142
Let k(m) = 2*m**3 + 2*m**2 + 544*m - 763. Determine k(0).
-763
Let n(a) = -3*a**3 + 14*a**2 + 712*a - 4127. What is n(6)?
1
Let p(x) = -225*x + 5843. Give p(24).
443
Let f(r) = r**3 - 2057*r**2 + 40736*r + 82. What is f(20)?
2
Let x(l) = -3*l**2 + 1040*l + 22005. What is x(-20)?
5
Let s(k) = -k**3 - 164*k**2 - 6023*k - 3055. Calculate s(-109).
-3
Let i(h) = 4*h**2 + 189*h + 85. Determine i(-52).
1073
Let u(z) = 10*z**2 + 771*z + 2976. Calculate u(-4).
52
Let c(g) = 708*g**2 + 80*g + 87. Calculate c(-1).
715
Let h(f) = -26285*f + 6518688. What is h(248)?
8
Let x(s) = s**3 + 43*s**2 - 151*s - 3886. Give x(-47).
-5625
Let c(r) = 12820*r - 140982. Give c(11).
38
Let r(t) = -6*t**2 + 18232*t + 238024. Calculate r(-13).
-6
Let o(j) = 127*j - 17620. Calculate o(126).
-1618
Let n(l) = l**3 - 46*l**2 + 2613*l - 120195. What is n(46)?
3
Let z(b) = -352*b + 102430. What is z(290)?
350
Let y(j) = -11305*j + 56551. Calculate y(5).
26
Let v(c) = -2*c**2 - 119*c + 24401. Determine v(-144).
65
Let s(o) = -o**3 + 484*o**2 - 1345*o - 47012. What is s(481)?
126
Let r(l) = -867*l - 359811. Calculate r(-415).
-6
Let g(d) = 2936*d + 20543. Calculate g(-7).
-9
Let j(f) = -66*f**3 + 26*f**2 + 89*f - 147. Determine j(-5).
8308
Let z(i) = -26681*i - 1734272. Give z(-65).
-7
Let n(l) = 14*l**2 - 3417*l + 181338. Determine n(78).
-12
Let c(i) = -4*i**2 + 119*i + 1214. Give c(-9).
-181
Let b(p) = 329*p - 1594. Give b(4).
-278
Let h(g) = g**3 + 13*g**2 - 466*g + 18. What is h(-29)?
76
Let k(f) = 730*f + 13335. Determine k(-18).
195
Let k(z) = 2*z**3 - 25*z**2 - 3889*z + 50358. What is k(13)?
-30
Let v(w) = -320*w - 25611. Determine v(-80).
-11
Let g(m) = 2*m**3 - 204*m**2 + 2431*m + 15626. Calculate g(87).
53
Let b(m) = 17*m**3 + 183*m**2 + 538*m + 355. What is b(-1)?
-17
Let c(u) = 6345*u - 12304. Determine c(2).
386
Let q(x) = 5853*x + 58853. Calculate q(-9).
6176
Let i(b) = -14*b**3 - 2*b**2 + 95*b - 95. What is i(1)?
-16
Let d(z) = -z**3 + 153*z**2 + 5277*z + 203. Determine d(182).
21
Let j(h) = 293*h + 4939. Give j(-21).
-1214
Let t(g) = 15*g**2 + 729*g + 4157. Calculate t(-6).
323
Let z(f) = -11*f**3 + 361*f**2 + 60*f + 174. What is z(33)?
-24
Let c(b) = -b**3 - 37*b**2 - 6*b - 9. Determine c(-37).
213
Let s(l) = -l**3 - 56*l**2 - 367*l + 802. What is s(-48)?
-14
Let c(a) = 14*a + 2673. What is c(232)?
5921
Let g(n) = 875935*n - 16642766. Give g(19).
-1
Let r(j) = 9252*j + 10176. Give r(-1).
924
Let g(j) = -12344*j + 8344539. What is g(676)?
-5
Let r(c) = 4*c**3 - 694*c**2 - 340*c - 594. Give r(174).
798
Let q(j) = -j**2 - 1146*j + 67367. What is